 Let k(q) be the first derivative of u*q**2 - 115*q**2 + 19 + 2*q - 5*q. Give k(-2).
1
Let t(i) = 277 - 2*i + 5*i + i - 276. Let o(f) = 2*f**2 + 6*f - 9. Let v be o(-4). Determine t(v).
-3
Let w(l) be the first derivative of -l**3/3 + 21*l**2 + 580*l + 9653. Calculate w(53).
-3
Suppose 3 + 3 = 3*y. Let v(k) = 2*k**2 + k + 7. Let t(r) = 22*r**2 + 10*r + 70. Let x(n) = -t(n) + 10*v(n). What is x(y)?
-8
Let u = -11 + 6. Let h(q) = q**3 + 6*q**2 - 4*q - 17. Let b be h(-6). Let g(o) = -b - 4*o + 3*o**2 + 11*o**2 - 19*o**2 + 4*o**2. Give g(u).
-12
Suppose 7*m + 477 = 505. Let j be m + (-3 - 4) + (-20)/5. Let h(n) = n + 10. Calculate h(j).
3
Let z(o) be the first derivative of o**5/10 - o**4/24 - 29*o**3/3 - 2*o**2 + 216. Let m(g) be the third derivative of z(g). Give m(2).
23
Let r = 26 + -11. Suppose r*t - 19*t = -8. Let q(g) = 2*g**3 - g - 2. Give q(t).
12
Let i(r) = -32240 - 32243 + 64487 - r. What is i(-9)?
13
Let l(q) = 2*q**2 - 52*q + 57. Let o be -2 - ((-5 - 65/10)*2 - 4). Give l(o).
7
Let b(f) = f**2 + 8*f - 54. Let a be b(7). Suppose 3*q + 33 = a. Let p(s) = -2*s**2 + 5*s + 5. Give p(q).
-37
Let k be 2 - (2 - (-2)/1). Let o(u) be the first derivative of -u**3 + 3*u**2/2 + 3*u - 458. Determine o(k).
-15
Let p = 2736 - 2738. Let k(n) = 50*n + 5. Calculate k(p).
-95
Let n(c) be the second derivative of -5*c**4/12 - 17*c**3/3 + 2*c**2 - 7141*c. Give n(-10).
-156
Let g be (170 + -125)*1/5. Let c(s) = -2*s**2 + 11*s - 6. Calculate c(g).
-69
Let a(o) be the second derivative of 13*o**2 + 5/2*o**3 - 339*o - 1/20*o**5 + 0 - o**4. Give a(-13).
0
Let w be (-40)/22 - (-6)/(-33). Let j(f) = 5 - f + 0 - 2 - 23 + 0 + 18. Determine j(w).
0
Suppose 0 = 5*f - 20, v - 5*v = 5*f + 8. Let l(j) = 2 + 611001*j - 4 - 8 - 611003*j. Determine l(v).
4
Suppose -32*x + 1 = -6 + 7. Let d(j) be the third derivative of -5/6*j**3 + 2*j**2 - 1/4*j**4 + x + 0*j + 1/60*j**5. Calculate d(8).
11
Let k(m) be the first derivative of m**3/3 - m**2 - 22*m - 359. Give k(9).
41
Let i(m) = -14*m - 2. Suppose 0 = 3*u - 16 + 13. Let s(k) = -3 + 3 - u + 4 + 13*k. Let g(c) = 4*i(c) + 3*s(c). Give g(1).
-16
Let c = 8816 - 8805. Let f(o) = 2*o - 52. What is f(c)?
-30
Let f(i) be the third derivative of -i**6/120 + 31*i**5/60 + 4*i**4/3 - i**3/6 + 76*i**2 - 8. Calculate f(32).
-1
Let d be 9 + (164 - 30/10). Suppose l + 165 = -3*p + d, -2 = 2*l. Let n(r) = -31*r - 1. Calculate n(p).
-63
Let s be (3 + -2)*(26 - (-4 - -4)). Suppose -48 = s*y - 30*y. Let c(f) = -f**2 + 13*f - 13. Give c(y).
-1
Let o(t) = t**2 + 7*t - 99. Let w = -31512 + 31520. What is o(w)?
21
Let u(d) = -4*d**2 + 6*d - 3. Let f(z) = z**2 + z + 1. Let x(b) = -3*f(b) - u(b). Suppose 128*c - 122*c = -5*k - 39, 5*k - 59 = c. Give x(k).
0
Let p = 163 - 163. Let j(t) = 2*t**2 + 6*t + 8. Let a be j(p). Let i(f) = -2*f + 6. Determine i(a).
-10
Let j(c) = -c**2 + c + 1. Let n(u) = 6*u**2 - 4*u - 4. Let z = 114 - 119. Suppose 4 = -8*p - 4. Let q(o) = p*n(o) + z*j(o). What is q(0)?
-1
Let n be -2 + (510/(-17))/6. Let f(p) = -p**3 - 8*p**2 - 9*p - 16. Calculate f(n).
-2
Let w(p) be the third derivative of -p**5/60 - 11*p**4/24 - p**3/3 - 1349*p**2. What is w(-9)?
16
Let r(k) be the second derivative of k**4/12 - 3*k**3/2 - 119*k**2/2 + 7*k + 71. Calculate r(16).
-7
Let c(o) = o + 9. Suppose 71*n + 292 = 75*n. Suppose -n = 6*x - 25. Give c(x).
1
Let u(b) = b**2 + 22*b - 62. Let v(r) = 94*r + 2514. Let t be v(-27). Give u(t).
-14
Let u(w) be the third derivative of 5*w**5/4 - w**4/12 - 2028*w**2. Give u(1).
73
Let o(t) = 5*t**2 - 31 - 5*t + 25 - 5*t - 4*t**2 + 15*t. Give o(-3).
-12
Let z(r) = 3*r + 11. Suppose -5*l = 20, -2*b + 28*l - 4 = 29*l. Determine z(b).
11
Let u(x) be the third derivative of -5*x**4/12 + 65*x**3/6 + 63*x**2 + 4. Calculate u(8).
-15
Let w(l) = -2*l**2 - 38*l**3 + 3 + 94*l**3 - 111198*l + 111196*l. Give w(1).
55
Let l(m) = m**3 + 10*m**2 - 12*m + 15. Suppose -4*j - 28 = 0, j - 340 + 380 = -3*y. Give l(y).
26
Suppose 36*t = 45*t - 18. Let o(y) = -61 + 4*y**2 + 2*y - 6*y**3 + 3*y**t + 62 - 5*y**2. Let n = -1 + 0. Give o(n).
7
Suppose 938*l - 933*l - 3870 = 0. Let b = 768 - l. Let j(u) be the third derivative of -u**5/60 - u**4/4 - u**3 - u**2. Determine j(b).
-6
Let j be ((-5)/3)/(1/3). Let m be 5/9*23 - 10/(-45). Let x(a) = m + 2*a - 7 - 12. Calculate x(j).
-16
Let w(i) be the first derivative of -i**4/4 + i**3 + 3*i**2/2 + 4*i - 4900. Let p(t) = t**2 + 3*t - 8. Let c be p(-7). Suppose -3*h + c = 2*h. Give w(h).
0
Let b(i) = 5*i**2 + 5 - 4 - 17*i**2 - 6*i**2 - 7*i. Let s(f) = 11*f**2 + 4*f - 1. Let r(y) = -3*b(y) - 5*s(y). Calculate r(3).
-4
Suppose -46*f - 5*h - 35 = -41*f, 5*f + 28 = 2*h. Let t(l) = -9 + 2*l**2 - l**2 - 7*l - 2*l**2. Give t(f).
-3
Let t(b) = -5*b**2 - 7*b + 24. Let p be t(2). Let f(l) = 7*l + 3*l + l**2 - 7 - 2*l. Give f(p).
13
Let m(i) = i**2 - 6*i + 2. Let q be m(6). Suppose -4*n = -q*n + 4. Let x(u) be the second derivative of -2*u**3/3 - 3*u**2/2 + 10451*u. Calculate x(n).
5
Let f(k) be the third derivative of -k**4/24 + k**3/3 + 23*k**2 + 3. Give f(0).
2
Let r(t) = 1151*t**3 - 7*t + 5 - 1152*t**3 - 7*t**2 + 11*t + 8*t. Give r(-8).
-27
Let b(n) = 12*n**2 - 114*n - 10. Let h(f) = -12*f**2 + 115*f + 8. Let z(d) = -6*b(d) - 7*h(d). Determine z(10).
-6
Suppose -4*s = 4*m - 5*s - 12, 3*m + 2*s - 9 = 0. Let b(d) = 6*d + 3*d**3 - 146*d**2 - 4*d**3 + 147*d**2 - m - 3*d. Let q be ((-3)/9)/(2/(-18)). Determine b(q).
-12
Let w(c) = c**3 - 8*c**2 - 11*c + 13. Let i(v) = -60*v - 552. Let p(x) = 9*x + 79. Let k(b) = -4*i(b) - 27*p(b). Let s be k(22). Calculate w(s).
-5
Let k(u) be the second derivative of -u**5/5 - u**4/6 - u**2/2 - 8041*u. Give k(-2).
23
Let s = 27109 + -27115. Let h be 5/(2 - (-2 + 3)). Let u(k) = -k**3 + 8*k + h - 5*k**2 + k**2 - k**2. Give u(s).
-7
Suppose 4*h - 292 - 280 = 0. Let d(n) = n**3 - 5*n**2 - 6*n + 5. Let a be d(6). Let c(i) = 2 + 144*i**2 + 3*i + a*i - h*i**2. What is c(-3)?
-13
Suppose -14*c + 57 = 5*c. Let d(b) = 0*b - b + 50 + 2*b**c + 2*b**2 - 50. What is d(1)?
3
Let n = -4808 + 4811. Let z(q) be the first derivative of q**2 + 1/2*q**4 - 13 - q - 2/3*q**n. Determine z(2).
11
Let d(v) = 2*v**3 + v**2 + v - 5. Let n(q) = 3*q**3 + 8*q**2 + 8*q - 22. Let u(j) = -2*d(j) + n(j). Calculate u(6).
24
Let c = -3912 + 3925. Let i(o) = -2*o + 49. Calculate i(c).
23
Let v(y) be the first derivative of -y**2/2 - 5*y + 1. Let s be ((-36)/(-10))/(22/88 + 39/(-60)). Calculate v(s).
4
Let c(f) be the third derivative of -17*f**4/24 - f**3/2 + 7*f**2 - 20. Calculate c(-3).
48
Let j(x) be the second derivative of -5*x**4/3 + 3*x**3/2 + 3*x**2 - 36*x + 2. Let l(y) = 7*y**2 - 3*y - 2. Let k(s) = 6*j(s) + 17*l(s). Give k(4).
-2
Let y(q) be the first derivative of -25*q**3/3 - 3*q**2 - 2*q + 8958. What is y(-1)?
-21
Let d(z) = 6*z**2 + 11*z. Let l(m) = 2*m**2 + 2*m. Let o(j) = d(j) - 5*l(j). Let i(w) = -w**3 + 3*w**2 - w - 1. Let y be i(2). Give o(y).
-3
Suppose 0 = -5*l + 3*s - 14, 4*l - 5*l + 4*s = -4. Let o be (-27)/(l + 1) + -5 + 7. Let v(j) = 3*j. Let d(r) = 16*r. Let z(q) = o*v(q) - 2*d(q). Give z(7).
7
Let g(p) = -10 - 3 - 5*p + 12. Suppose 5*j + 4*f + 554 - 191 = 0, 5*j + 5*f + 365 = 0. Let w = -70 - j. Give g(w).
-6
Let j(p) = -15*p**2 - 8*p + 36. Let c(h) = -78*h**2 - 41*h + 179. Let t(s) = 4*c(s) - 21*j(s). What is t(4)?
24
Let a(b) be the third derivative of -b**7/2520 - b**6/720 + 3*b**5/40 + 17*b**4/6 + 36*b**2. Let i(m) be the second derivative of a(m). Determine i(0).
9
Let y(p) = -69*p**3 + p**2 - 2. Suppose 5*a - 4 = -3*v - 9, 4*v = -4*a - 4. Calculate y(a).
68
Suppose 8*q - 2*q - 84 = 0. Let k = 36 - q. Let y(u) = -1 - k*u + 0 + 21*u. What is y(-2)?
1
Let k(x) = 5*x. Let s(w) = w**2 + 29*w + 66. Let c(d) = -2*k(d) - s(d). Calculate c(-37).
8
Let i(g) = g**3 - 2*g**2 + 22 + 26 - 53. Calculate i(3).
4
Suppose 8*c - 2*c + 30 = 0. Let j(n) = 4*n + 11. Let l(g) = -7*g - 20. Let t(u) = c*j(u) - 3*l(u). Determine t(8).
13
Let n = 245 + 659. Let m(o) = n*o + o**3 - 3 - 1808*o - o**2 + 903*o. Give m(0).
-3
Let b(s) = -s + 2 + 2*s - 2*s - 31*s**2 + 30*s**2. Let i be b(0). Let w(v) = -25*v**2 + 3*v**3 + 22*v**2 + 2 - 1 - 2*v - v**3 + 3*v. Give w(i).
7
Suppose -3*q = -6, -5*m - 5 = -2*q - 6. Let z(h) = 44*h - 4. Determine z(m).
40
Suppose -514*j = -469*j - 225. Let t(v) = 6*v**2 + 2*v +